(h) = -h**2 + 4 - 4*h + 2*h + z*h**2 + 2*h**2. What is u(3)?
7
Let d(i) be the first derivative of -i**5/12 - i**4/24 - 5*i**2/2 - 6. Let f(c) be the second derivative of d(c). Give f(1).
-6
Let t be (-7 + 2)*16/(-10). Suppose 0 = n - 0*n - 5. Suppose -3*w + n*w - t = 0. Let b(y) = y - 5. Calculate b(w).
-1
Let u = -80 + 76. Let g(k) = -k - 4. Give g(u).
0
Let m be 10*(0 + 6/15). Suppose 2*v = 3*n - 13, 4*n - 3*n - m*v = 21. Let s(p) = 4*p + p**2 + 5*p**3 + p**2 - 5*p. Give s(n).
6
Let q be (1 - 0)*1/(-1). Let y = 4 - q. Let s(f) = -f**3 + 6*f**2 - 7*f + 4. Determine s(y).
-6
Let a = 0 - -2. Let o(r) = 0 + 6*r**2 - r**2 + r**a - 1. What is o(-1)?
5
Let i = -37 - -40. Let h be -1*-1*10/2. Let y(w) = -w**3 - 2*w**2 + 3*w. Let m(d) = -3*d**3 - 3*d**2 + 6*d + 1. Let r(x) = h*y(x) - 2*m(x). Calculate r(i).
-2
Let v be 2/(0 + 2/4). Suppose -4*n = -3*n - v. Let w(a) = 4*a**2 - a + 1. Let u(y) = 7*y**2 - 3*y + 1. Let p(l) = 3*u(l) - 5*w(l). Give p(n).
-2
Let c(u) = -u**2 - 2*u + 4. Let k = -9 - -6. Give c(k).
1
Let f = -1 - -2. Suppose -3 = -t - f. Let s(m) = 2*m**3 - m**3 - 2 - 2*m**t + 0*m**2. Calculate s(2).
-2
Let c(u) be the second derivative of u**5/20 + u**4/3 - u**3/6 - u. Let m be (9 - 8)/((-1)/3). What is c(m)?
12
Let o(q) = -2*q**2 - 6*q. Let w(i) = -5*i**2 - 18*i. Let p(y) = 8*o(y) - 3*w(y). Determine p(3).
9
Let t be 36/(-60) + (-14)/(-15). Let y(l) be the second derivative of t*l**3 + 3*l + l**2 + 0. Determine y(2).
6
Let p(w) = -w**3 + 11*w**2 - 37*w**2 + 6*w - 6 + 21*w**2. Let f be (1 - -1) + -7 - 1. Give p(f).
-6
Let n(m) = -9*m**2 - 3*m - 12 + 1 - m**3 + 2*m + 5. Determine n(-9).
3
Let z(d) = d**3 + 2*d**2 + 3*d. Let q(i) = 3*i**3 + 5*i**2 + 7*i + 1. Let k(l) = -2*q(l) + 5*z(l). Let b be (4/6)/(2/(-6)). What is k(b)?
4
Let o(m) = m - 2. Let j be o(7). Suppose -15 = -j*v + 20. Let p(t) = t - 13. Give p(v).
-6
Let a be 4*((-5)/(-2))/5. Let z = 13 + -7. Let h(b) = -z*b + b - 3 + b**3 + a*b**2 + 3*b. What is h(-2)?
1
Let c(g) be the first derivative of g**2 - 2*g - 53. Calculate c(-5).
-12
Let i(q) be the second derivative of -q**4/6 - q**3/3 - q**2/2 - 36*q. Calculate i(-1).
-1
Suppose -10 = 2*d + 2. Let p(y) = -y**2 - 5*y + 2. Give p(d).
-4
Suppose -7*j - 3*y = -4*j, -5*j + 40 = -5*y. Let b(o) = -o**2 + 4*o + 2. Let h be b(j). Let d(p) = -6*p**2 + 3*p**2 - 2*p + h*p**2. Give d(-4).
-8
Let u(d) = -2*d**2 - 4*d - 1. Suppose -7*l + 10*l = 15. Let o = l - 8. Calculate u(o).
-7
Let w(c) be the third derivative of -c**6/120 - c**5/10 + 5*c**4/24 - 5*c**3/3 + 5*c**2. What is w(-7)?
4
Let p = -30 - -20. Let f = 10 + p. Let z(j) be the first derivative of j**2/2 - 4*j - 1. Determine z(f).
-4
Let w(g) = -5*g. Suppose 2*d - 4 = -2*d. Give w(d).
-5
Suppose -50*m + 10 = -52*m. Let l(k) = k**3 + 4*k**2 - 4*k - 6. Determine l(m).
-11
Suppose -5*j = -4 - 6. Let f(o) = 3*o**2 - o + 5. Let m(d) = -3 - 3*d**2 - 6 + 2*d - 2*d**2. Let v(x) = -7*f(x) - 4*m(x). Determine v(j).
-5
Let u(y) = -5*y**3 - 5*y**2. Let x(k) = 4*k**3 + 4*k**2. Let j(o) = 5*u(o) + 6*x(o). Determine j(0).
0
Let v = 3 - 2. Let u(l) = l + 1. Let j(q) = 6*q - 2. Let w(n) = j(n) + u(n). Calculate w(v).
6
Let r(o) = 5*o**2 + 5*o + 2. Let x be r(-4). Let v(u) = x*u - 62*u - u**2. Calculate v(0).
0
Let a(w) = w + 12. Let d be a(-10). Suppose g - 1 = -3*m + 17, -d*g + 3*m = 0. Let b(h) = h**3 - 6*h**2 - 2*h + 9. What is b(g)?
-3
Let v(a) = 18 - 8*a**2 + a**3 + 3*a - 4*a - 13. Give v(8).
-3
Let k(y) = 1 + y**2 + 4*y**2 - 5*y**3 + 2*y + 0. Let i be (-1 + (-3)/2)*2. Let q(d) = -5*d**3 + 6*d**2 + 2*d + 1. Let p(a) = i*k(a) + 4*q(a). Give p(-1).
-5
Suppose -75 = -3*s - 2*s. Suppose 0 = m - 6*m + s. Let t(f) = 3*f**2 - 2 + 2*f**2 + 6*f - f**m - f**2. What is t(5)?
3
Suppose -3*a - 20 = 2*a. Let m(k) = -k - 1. Let h be m(a). Let y(x) = -2*x**3 - 2*x**2 - 2*x + 3*x**3 + 3 - 3*x. Calculate y(h).
-3
Let v(f) = -f**2 - f. Let y(l) = 8*l**2 + l + 7. Let u(r) = -r**2 - 1. Let q(x) = -6*u(x) - y(x). Let j = 1 - 3. Let m(w) = j*q(w) + 5*v(w). Calculate m(-5).
-8
Let h(g) = -7*g + 3. Suppose -2*q + 59 = 5*l + 11, -16 = -4*l. Let b be q/8 + (-6)/(-24). Determine h(b).
-11
Let q(b) = -b**3 - 6*b**2 - 3*b - 6. Let u be 1 + 0 + 2/2. Suppose 0 = -3*h + u*n - 14, 4*h + 4*n + 23 = -9. What is q(h)?
12
Let b(f) be the second derivative of f**4/3 + f**3/2 + f**2 - 7*f. Let n(u) = u**2 - u. Let g(o) = b(o) - 3*n(o). What is g(-4)?
-6
Let w(v) = -2*v + 5. Let i(l) = -l**3 + 12*l**2 + 14*l - 9. Let z be i(13). Determine w(z).
-3
Let b = -7 + 4. Let f(o) = -o**3 - 2*o**2 + o - 1. Determine f(b).
5
Let i(p) = -2*p + 2. Suppose -2*k = -5*g - 16, -k + 5*g + 16 = 3. What is i(k)?
-4
Let j(z) be the third derivative of z**6/120 + z**5/60 - z**4/24 + z**3/6 - 4*z**2. Determine j(0).
1
Suppose -2*h + 5 = 11, 2*i - 5*h = 9. Let n(v) be the first derivative of -v**2 - 3*v - 2. Calculate n(i).
3
Let q(u) be the first derivative of u**3/3 + 3*u**2/2 - 7*u + 1. Suppose -72 = -4*r - 0*r. Suppose 3*t - 3 = -r. Determine q(t).
3
Let w(c) = 3*c + c**2 - 2*c - 9*c - 2. What is w(7)?
-9
Let r(n) = -5*n**2 + n**3 - 14*n + 4*n + n**2 + 4 + 11*n. Let p be ((-3)/4)/(1/(-4)). Give r(p).
-2
Let b(j) = -j**3 - 10*j**2 + 10*j - 8. Let a be -2*(-2)/(-4)*(-22)/(-2). Give b(a).
3
Let z = 7 - 2. Suppose 2*o + 20 = -3*o. Let a = z + o. Let i(t) = 4*t**3 + t**2 + t - 1. Give i(a).
5
Suppose u = 3 - 1. Let d(b) = 0*b**2 + b**3 + 2 - 8 - 6*b**u + b. Determine d(6).
0
Suppose -6*r + 4*r = -10. Let i(s) be the first derivative of s**2/2 + 2*s + 5. Give i(r).
7
Let g(b) = b**3 + 4*b**2 - 7*b - 7. Suppose 13 + 12 = 5*h. Suppose -h*x + 14 = -1. Suppose 4*v + 24 = -4*u, 3*v - x*u = -u - 13. Give g(v).
3
Let u(g) = -g - 8. Let t(v) = 2*v - 14. Let x be t(11). Let d = x + -15. Let q(h) = -h**3 - 6*h**2 + 9*h + 8. Let o be q(d). Calculate u(o).
-2
Let k be (-3)/1*(-1)/1. Let u(q) = 8 + 2*q**3 - k - q**3 - 4*q**2 + q - 2*q. What is u(4)?
1
Let m(r) = -r**3 + 2*r**2 - 1. Let q be m(-1). Let c(j) be the third derivative of 0 + 0*j + 0*j**3 + 1/24*j**4 - q*j**2. Determine c(-1).
-1
Let i(r) be the third derivative of r**5/60 + 5*r**4/24 - 2*r**3/3 + r**2. What is i(-5)?
-4
Let i(g) = 5*g**2 - g + 2. Let a(w) = 2*w**2 + 1. Let s(d) = 11*a(d) - 4*i(d). What is s(-2)?
3
Let b(x) = 4*x - 2. Suppose d + 2 + 2 = 0. Determine b(d).
-18
Let m(a) = -a + 6. Let v(g) = -g**2 + 5*g + 4. Let j = -5 - -10. Let c be v(j). Suppose -5*d = -c*t + 20, -10 = -2*t + 3*d + d. Give m(t).
1
Suppose -5*a + 10 = -0*a. Let i(x) = 2*x**2 - x - 2. Let n be i(2). Let w(c) = -3*c + a*c + n - 3. Give w(0).
1
Let z = -1 + 3. Let i be (z/2 - 2)/1. Let c(a) be the second derivative of -3*a**5/10 - a**4/12 + a**2/2 + 2*a. Determine c(i).
6
Let k(w) = w**3 + w**2 + 4 - w - 2*w**3 - 4*w**2. Let x be 42/9 + (-4)/6. Let m = -7 + x. Give k(m).
7
Let u = -1 - -3. Let b = 6 + 3. Let m(k) = 3*k**3 - 4*k**2 + 3*k - 1. Let c(w) = -13*w**3 + 16*w**2 - 12*w + 4. Let s(a) = b*m(a) + u*c(a). Calculate s(3).
-1
Let l(o) = -o**3 - o**2 + o - 1. Suppose -p = 3*p - 36. Let f = 26 - 33. Let m = f + p. What is l(m)?
-11
Let v(t) = 1 + t + 2*t + t. What is v(1)?
5
Let a(x) = -x**2 + 4*x - 2. Suppose 5*o + m - 28 = 0, o - 1 = -m + 7. Determine a(o).
-7
Let k(x) = -x**2 - 4*x + 4. Let f(q) = -6*q**2 - 20*q + 21. Let v(p) = -2*f(p) + 11*k(p). Give v(4).
2
Let k(q) = q + 4. Let b(y) = 3*y + 12. Let x(t) = -3*b(t) + 8*k(t). Let w(z) be the first derivative of 3*z**2/2 + 3*z + 2. Let g be w(-2). Give x(g).
-1
Let j(v) be the second derivative of -v**3/2 + 3*v**2/2 + 3*v. Give j(2).
-3
Let h(n) = -3*n**2 - n. Suppose 0 = -3*g - 1 - 2. Determine h(g).
-2
Let i(j) = -j**2 + 4*j + 2. Let p(l) = -6*l**3 + 9*l**2 + 5*l + 1. Let y(h) = -5*h**3 + 8*h**2 + 4*h. Let x(c) = 4*p(c) - 5*y(c). Let n be x(4). Determine i(n).
2
Let v be (-6)/2*(-1 - -3). Let w(b) = -13*b**2 - 33*b + 19. Let k(t) = -3*t**2 - 8*t + 5. Let h(y) = 9*k(y) - 2*w(y). Determine h(v).
7
Let c(o) = -o**3 + 4*o**2 - o + 1. Let v(w) = -w**3 - 8*w**2 + 8*w - 5. Let m be v(-9). Let l = -2 + m. What is c(l)?
7
Let v be -18*(0 + (-1)/1). Suppose -9 = -5*j - 4*m - 37, m + v = -4*j. Let l(p) = 1. Let w(f) = f + 5. Let s(t) = 6*l(t) - w(t). Determine s(j).
5
Let a(q) = -q - q + 5*q. Suppose -5*o + 9 + 13 = u, -2*u = 3*o - 16. Suppose 0 = h + h + o. Give a(h).
-6
Let x(z) = z